-y**3 + y**2 - y + 1. Let o(u) = 5*u**3 - 6*u**2 + 8*u - 9. Let x(d) = 4*j(d) + o(d). List the prime factors of x(m).
43
Suppose -w + 2024 = -5*c, 2054 = -2*w + 3*w + 5*c. List the prime factors of w.
2039
Let d(o) be the third derivative of 0 - 4/15*o**6 + 4*o**2 - 1/12*o**4 + 0*o - 1/6*o**3 - 1/30*o**5. What are the prime factors of d(-1)?
31
List the prime factors of (14*(-76)/(-24))/((-2)/(-24)).
2, 7, 19
Suppose -2*w = -14 - 38. Suppose -w*g + 21*g + 460 = 0. What are the prime factors of g?
2, 23
Let a(z) = -z**2 + 27*z - 18. What are the prime factors of a(14)?
2, 41
List the prime factors of (8994/(-36))/(13/(-156)).
2, 1499
Let d(g) = -g**3 + g**2 + g + 3. Let l(v) = -v**3 + v**2 + v - 1. Let n be l(1). Let u be d(n). Let j(q) = -q**3 + 3*q**2 + 3. List the prime factors of j(u).
3
Let q be 3/(-1) - -7 - 3. Let p = 4 - q. Suppose i - 28 = 3*u, i - 4*u = -p*i + 88. List the prime factors of i.
19
Let s be (-397)/(-3) + 2/(-6). Let o(u) = 4*u + 46. Let w be o(-9). List the prime factors of s/w*(-60)/(-24).
3, 11
Suppose -4*s + 0*s = 12, -4*r + 458 = -2*s. What are the prime factors of r + -10 - 4*1?
3, 11
Let t be (-12)/(-1)*42/56. Let z be (t + -4 - 3)/1. Suppose -z*y = -2 - 18. What are the prime factors of y?
2, 5
Let m = 533 + -521. What are the prime factors of m?
2, 3
Suppose 0 = -131*y + 134*y. List the prime factors of (-1115)/20*(y + 1 + -5).
223
Let a(x) = -4*x + 2. Suppose 0 = 2*j + 4*h + 3 + 1, -5*j - 3*h - 17 = 0. Let p be a(j). Suppose -w - w = -p. List the prime factors of w.
3
Suppose p - 5*z = 53, 27 = -p - 2*z + 73. Suppose 2*t = -0*t + 88. Suppose -p - t = -4*g. List the prime factors of g.
23
Let n = -55 + 55. Suppose n = -6*z - z + 308. What are the prime factors of z?
2, 11
Suppose 0 = -2*u + 370 + 112. Suppose -3*d + 485 = 4*l, 0*l = 2*l + 3*d - u. What are the prime factors of l?
2, 61
Let k(b) = b**3 + 18*b**2 + 25*b - 23. Suppose -3*u + 0*u - 48 = 0. What are the prime factors of k(u)?
89
Let k be ((-5)/(-6))/((-7)/(-42)). Suppose -6*m - a = -m - 361, 5*a - k = 0. List the prime factors of m.
2, 3
Suppose z - 8 = 4*p, 2*p = z - 0*z - 2. Let d be 3 - 3 - p/(-1). Let c(q) = -14*q + 6. What are the prime factors of c(d)?
2, 3
Suppose p + 2*l + 214 = 5*p, 4*p + 5*l = 221. What are the prime factors of p?
2, 3
Let q be (-3)/5 - (-5012)/70. Let j = q + -18. What are the prime factors of j?
53
Suppose -25*a + 28*a - 2*z - 1528 = 0, 0 = -3*a - 4*z + 1498. What are the prime factors of a?
2, 11, 23
Let b = -99 + 105. Suppose -i = -b - 32. List the prime factors of i.
2, 19
Let y(l) = l**3 - 2*l**2 - 2*l + 5. Let m be y(0). Suppose -m*x = j + j - 169, 398 = 4*j - 2*x. What are the prime factors of j?
97
Let r be (-14)/(-1) - (-1 - 1). Let y(s) = -s**2 + 17*s - 16. Let q be y(r). Let b = 77 - q. What are the prime factors of b?
7, 11
Let o = -2 - -6. Suppose 4*u + 0*u - o = 0. List the prime factors of (0 - u)*(-12 - 28).
2, 5
Let s(b) = -b**3 - 13*b**2 + 30*b + 4. Let f be s(-15). Suppose -j = -f*q + 59 - 287, 0 = -5*j - 5*q + 1065. List the prime factors of j.
2, 3
Let y(p) = p**3 + 27*p**2 - 40*p - 39. What are the prime factors of y(-21)?
3, 383
Let t(h) = h**3 - 3*h + 5. Let y be t(-4). Let p be 316/(-8)*(5 - 1 - 2). Let l = y - p. What are the prime factors of l?
2
Suppose 12*a - 4640 = 952. List the prime factors of a.
2, 233
Let a(l) = -3*l + 23. Let p(w) = 3*w + 12. Let t be p(-4). What are the prime factors of a(t)?
23
Suppose -4 = -2*i, 0 = o + 4*o + 3*i - 61. Let w = o + -8. Suppose w*a + 2*a = 175. List the prime factors of a.
5, 7
Suppose -22*j = 16*j - 32376. What are the prime factors of j?
2, 3, 71
Suppose 2*v - 3*r - 169 = v, -3*v = -r - 491. What are the prime factors of v?
163
Let k(g) = -29*g. Let b be k(-1). Suppose m + b = 4*l, 3*l + 7 = m - 6*m. Suppose -l*i = -5*i - 11. What are the prime factors of i?
11
Let o(u) = u + 7. Let f be o(-3). Suppose -f*x = 6 + 18. Let k = 37 + x. What are the prime factors of k?
31
Suppose 0 = -23*j + 19*j + 652. Suppose -2*w = -2*b - 43 + 215, 2*b + w - j = 0. What are the prime factors of b?
83
Suppose 31*y - 5 = 30*y. Suppose 2*o = -3*u + 121, 2*u = -3*o + y*u + 204. What are the prime factors of o?
5, 13
Suppose -38 = -2*w - 2*u, u + 73 = 3*w - 0*u. Suppose -2*c = 1 + w. Let q = c - -56. What are the prime factors of q?
2, 11
Suppose -5*h = -4*z + 38, -4*h + 2*h - 56 = -5*z. Let a be (1*3)/(z + -11). Suppose -5*s + i = -a*i - 140, 0 = 2*s - i - 53. List the prime factors of s.
2, 3
Let p(v) = -115*v - 8. What are the prime factors of p(-3)?
337
What are the prime factors of (-1 + -10)/(17/(-918))?
2, 3, 11
Let w be (-10)/2*(2 - 12/4). Suppose w*c - 359 = 121. List the prime factors of c.
2, 3
Let p be 1 + -1 - 12/(-6). Suppose 0 = p*v - 3 - 1. What are the prime factors of (-1 + v)/((-3)/(-39))?
13
Let a = 1151 + -170. List the prime factors of a.
3, 109
Let c = 32 + -30. Suppose -2*o + 84 = c*o. What are the prime factors of o?
3, 7
Let l(s) = -27*s**2 + 13*s - 4 - 2*s + 7*s + 26*s**2. What are the prime factors of l(17)?
13
Suppose -3*n = -0*v - 5*v + 12, -5*v + 16 = n. Suppose 0 = 3*c + 2*d + 1, -c - 7 = -d + v*d. Suppose 7*j = c*j + 160. What are the prime factors of j?
2, 5
Suppose -5*r = g - 13274, -5*r + 8*g + 13280 = 3*g. What are the prime factors of r?
3, 5, 59
Let o = -171 - -1427. List the prime factors of o.
2, 157
Let n(z) = 151*z - 391. What are the prime factors of n(30)?
4139
Let x = 123 + 283. What are the prime factors of x?
2, 7, 29
Let b(s) = -s**2 + 6*s - 5. Let j be b(2). Suppose j*h = -0*h + 252. Suppose 3*v = -9 - 3, 0 = -5*l + v + h. List the prime factors of l.
2
Let m be 4/7 - (-221)/(-7). List the prime factors of (-16 + 4)/3 - m.
3
Suppose 2*r + 2 = 3*r. Let j(l) = -12*l - 4*l**r + l**3 + 2 - 2*l**2 + 3*l**2. What are the prime factors of j(6)?
2, 19
Let k(o) = 14*o - 25. Let j be -2*(-8)/(-1 + 2). What are the prime factors of k(j)?
199
Suppose -2*o - 2 = u + 69, -4*o + 2*u - 154 = 0. Suppose 7*s + 14 = 392. Let j = s + o. What are the prime factors of j?
17
Suppose 7*q - 70 = 49. Suppose 32 = t - q. List the prime factors of t.
7
Let b be 13/(405/(-80) + 5). Let c = b - -481. List the prime factors of c.
3, 7, 13
Suppose -15 = -5*b - 0, -4*b + 4342 = 5*s. What are the prime factors of s?
2, 433
Let l(z) = 9*z**2 + 972. List the prime factors of l(0).
2, 3
What are the prime factors of (15/6)/((-135)/(-27108))?
2, 251
Let f(c) be the second derivative of 29*c**3/6 - c**2 + 8*c. What are the prime factors of f(3)?
5, 17
Suppose -15*a + 10*a - 2*q = -12550, 5*q - 25 = 0. What are the prime factors of a?
2, 3, 11, 19
Let p = -1 - -3. Suppose p*j + 61 + 343 = 0. Let f = -141 - j. What are the prime factors of f?
61
Let o = 49 - 47. Suppose 2*n = 4*n - 40. Suppose 2*j - n = -3*v, -o*v + 18 = j + 5. List the prime factors of v.
2, 3
Suppose 3*w - 11 = 2*q, w = -5*q - 3*w - 16. What are the prime factors of (24 - q)*(-5)/((-80)/132)?
3, 7, 11
Let v(t) = -t**3 + 8*t**2 + 8*t + 9. Let m be v(9). Suppose 4*u + r = 3*u - 10, 2*u - 5*r + 41 = m. What are the prime factors of ((-38)/(-8))/(u/(-52))?
19
Let s(a) = 4*a**2 - 4*a - 2. Let j = 2 - 7. Let w be s(j). Let z = w - 58. List the prime factors of z.
2, 3, 5
Suppose -5*j + 0 + 5 = 0. Suppose -o - j = -7. What are the prime factors of (-10)/o*(-25 - -7)?
2, 3, 5
Let s(k) = -k**2 + 7*k + 8. Suppose -a + f + 17 = 2*a, 10 = 2*a - 2*f. Let d be s(a). Suppose 13 = j + 3*y, 3*j + y = d + 1. List the prime factors of j.
2
Suppose -5*o = -n - n + 13, -3 = -5*o - 2*n. Let t(d) = -2 + 13*d**2 - 4 + 7 + 19*d**2. List the prime factors of t(o).
3, 11
Let q = 188 - -431. What are the prime factors of q?
619
Suppose 0 = 8*j - 782 - 378. List the prime factors of j.
5, 29
Suppose -2*m + 429 = -31. List the prime factors of m.
2, 5, 23
Suppose -3*t + v + 501 = -2*t, -2505 = -5*t + 2*v. What are the prime factors of t?
3, 167
Suppose 7*w - 10*w = -a - 1727, -2 = -2*a. List the prime factors of w.
2, 3
Suppose -4*c + 5*r - 34 = 11, 5*c - 5*r = -55. What are the prime factors of ((-12)/c)/((-30)/(-3225))?
3, 43
List the prime factors of 16 - 9 - -14*23.
7, 47
Suppose -3*a - 4*s = -356, 3*a - 4*s - 32 = 284. List the prime factors of a.
2, 7
List the prime factors of 259/2 - 9/6.
2
What are the prime factor